- 9797 = 627. Let v = m + k. Is v composite?
False
Let b(i) = -208*i - 31. Let v(f) = f - 1. Let z(x) = -b(x) + 2*v(x). Is z(7) prime?
True
Suppose 0 = 8*v - 1239404 - 2163932. Is v a prime number?
True
Let i(s) = 9758*s**3 + 675*s**2 - 1344*s + 3. Is i(2) composite?
False
Let f = -39 - -3. Let n = f - -38. Suppose d + 293 = n*d. Is d prime?
True
Suppose 35 = -h + 8*h. Let o(j) = 4*j - 17. Let m be o(h). Suppose 5*b = -m*s + 7924, -3*s + 6341 = 4*b - 0*s. Is b prime?
True
Suppose 0 = 28*q - 56*q + 1422204. Is q composite?
True
Let w(k) = k**3 - 2*k**2 + k + 19. Suppose -2*a - 6*a = -3*a. Is w(a) a prime number?
True
Let j(f) = -2*f**3 + 21*f**2 + 48*f + 397. Is j(-14) a prime number?
False
Let l(q) = q**2 + 20*q + 25. Let n be l(-19). Is (-3077 - n)/(0 - 1) prime?
True
Let u = 59 - 59. Suppose u = 2*b - 6*b - 2*k + 366, 2*b - 177 = 5*k. Let d = b - 17. Is d a composite number?
True
Suppose 3*h - 1 - 13 = d, -4*d = -3*h + 29. Suppose 0*f - 2*g = 3*f - 9, -f + h*g + 3 = 0. Suppose 1615 + 892 = 2*l - p, f = -3*p. Is l prime?
False
Suppose -5*c - 3*y - y = -56, -c = -5*y + 12. Let k = -8 + c. Suppose 3*m + 0*m - 5*g - 3829 = k, 2*m = 4*g + 2550. Is m composite?
False
Suppose -26*v + 31*v = 35750. Let h = -4103 + v. Is h a composite number?
True
Let b(a) = -a**3 + 83*a**2 + 81*a + 152. Is b(69) a prime number?
False
Let z(t) = -t**3 - 11*t**2 - 12*t + 7. Suppose 68 = b + 64. Suppose -b*q + 25 = 73. Is z(q) composite?
True
Suppose h - 348 = 4*h. Let c be 2/(-8) - h/16. Let a(z) = 2*z**3 - 7*z**2 + 15*z - 11. Is a(c) a composite number?
True
Let a = 253 - 248. Suppose 0 = 2*n - f - 361, -a*n + f = -4*f - 910. Is n prime?
True
Suppose -70*b = -4160918 - 5259752. Is b prime?
True
Let x(o) = 3*o + 39. Let b be x(-8). Let u(n) = 460*n - 139. Is u(b) a prime number?
True
Suppose 5*y = -2*f + 129, 4*f = -y + 2*f + 29. Suppose 5*p + q - 17 = p, 5*q - y = -5*p. Is p + -3*(-22 + 4) composite?
True
Let p(a) = 5347*a + 1993. Is p(28) a composite number?
True
Let h = -125 - -129. Suppose 3*g - 4301 = -h*z, -4*g + 9474 = -5*z + 3698. Is g composite?
False
Suppose 0 = -48*h + 15855072 + 3252144. Is h composite?
True
Is (-12 - -3627) + -5 + -9 + 1 composite?
True
Let q be (-242)/(-10) - (-2)/(-10). Let t be (-3)/q + (-66)/(-16). Suppose -t - 8 = -3*n, 0 = -3*z - 3*n + 7323. Is z a composite number?
False
Let y(g) = -4911*g - 4643. Is y(-36) composite?
False
Let c = -44 + 48. Let z be (-3 + 16/c)*3. Suppose 2*x = -z*s + 389, 3*s = -0*s - 9. Is x a prime number?
True
Suppose -70*w = -56*w - 267414. Is w composite?
True
Let h(a) = 300*a**2 - 13*a + 16. Suppose 3*q = -4*f + 35, 2*q + 5*f = 17 + 18. Is h(q) a composite number?
False
Suppose -5*t = -3*c - 482585 + 177752, 0 = -5*c + 20. Is t a composite number?
True
Suppose -6*p + 0*p = 6480. Let h = 605 - p. Suppose -3*s = -8*s + h. Is s prime?
True
Is ((-40)/(-12) + (-13)/3)*-755539 composite?
False
Let q(j) = 3*j - 34. Let u be q(21). Let d = u - -28. Suppose p - 151 = 2*o, -o = -4*p + 633 - d. Is p composite?
True
Suppose -11 = 35*l - 36*l. Suppose 10490 = l*r - r. Is r a prime number?
True
Suppose 0 = 116*b - 20*b - 49358112. Is b a prime number?
True
Let s(i) = 1472*i**2 + 7*i + 6. Suppose 3*f + 4*z - 21 = 8*f, 2*z - 7 = -f. Is s(f) composite?
False
Let g(k) = -k**3 + 28. Let a(y) = y**3 + 8*y**2 + 12*y - 7. Let r be a(-6). Is g(r) a prime number?
False
Let k(p) = 108*p + 3. Let j(x) = 1. Let t(z) = -2*j(z) + k(z). Let q(i) = 6*i + 8. Let h be q(0). Is t(h) a prime number?
False
Let u(b) = -1826*b + 2. Let w be u(-9). Suppose 5*i = 3*y + w, 3*y + 6566 = 2*i - y. Suppose 0 = -3*d + 2*l + 182 + i, 3*d + 3*l = 3486. Is d composite?
True
Let c(s) = 2370*s**2 + 23*s + 391. Is c(-12) a prime number?
False
Suppose -8*j + 16*j = 72. Let l be (j/(81/42))/(3/963). Let q = 159 + l. Is q a composite number?
False
Let u = 5 + -7. Let a be 51/12 + u/8. Suppose -3*z = 3*m - 1017, a*m = 3*z + 309 + 1033. Is m composite?
False
Let q(s) = 137*s**2 + 13*s + 6. Let j be q(-7). Let l be 16/9 + -2*(-8)/72. Suppose 2*v - 2*f = -2*v + j, l*v - 3318 = 2*f. Is v a composite number?
True
Let a = 11390 + -3219. Let p = 12564 - a. Is p a prime number?
False
Let o = 26 + -18. Suppose -4071 + 799 = -o*a. Is a a prime number?
True
Suppose -9*h + 5*p = -7*h - 353, -866 = -5*h - 4*p. Is (2/3)/(h/5056353) a prime number?
True
Suppose -7*i + 2196 = 4*r - 11*i, 5*i + 1643 = 3*r. Is r composite?
True
Suppose -6 = y, 0 = v - 56*y + 55*y - 455. Is v a composite number?
False
Suppose 156231 - 62179 = 4*p. Suppose 2*u = -2*l + 371 + 9031, -l = 5*u - p. Is u composite?
False
Suppose -447*q = -448*q + 2891527. Is q a composite number?
False
Suppose -7629*p + 7624*p - 668 = -108. Suppose i = 2*j - 59, 3*i + 44 = 2*i - 3*j. Let a = i - p. Is a a composite number?
False
Let c = -2826 - -6031. Is c a prime number?
False
Let b = 474 + -479. Let o(j) = 15*j**2 + 6*j + 32. Is o(b) composite?
True
Suppose 87*p - 90*p - 553355 = -1913936. Is p composite?
False
Suppose -2*m + 6697 = -100217 - 254660. Is m a prime number?
False
Let c(q) = 2*q + 4702*q**2 + 56911*q**2 + 7 - 9*q. Is c(1) a prime number?
True
Let a = -146765 - -302136. Is a prime?
True
Suppose -5*j + 13 + 17 = 0. Let p(g) = g**3 + g**2 + 3*g - 8. Let z be p(j). Let c = 439 - z. Is c composite?
True
Let b(t) = -12975*t - 4801. Is b(-20) a prime number?
True
Let p(i) = 293*i**2 - 3*i - 2. Let n be p(-1). Let x be (-9)/(-45) - 24/(-5). Suppose w = -x*w + n. Is w a prime number?
False
Let k = -941465 + 1406472. Is k composite?
False
Suppose 2*x = 5*n + 3*x - 62, 4*x + 77 = 5*n. Suppose 0 = n*w - 15*w + 48. Is w/(-9)*(-3 + 882/(-8)) composite?
True
Let p = -546340 + 930423. Is p a prime number?
False
Let m(l) = 2*l**3 + 16*l**2 + 4*l - 8. Let v be m(-15). Let z = 15681 - v. Is z composite?
False
Let h = 179 + -174. Suppose -4*q = 4*a + a - 11015, h*q = -a + 2182. Is a composite?
False
Let y(r) = 169 + 1043*r + 35 - 45 + 1521*r. Is y(10) composite?
False
Let c = 121241 + -66598. Is c a prime number?
False
Let m(c) = 4348*c**2 + 12*c - 137. Is m(7) composite?
False
Is 1078276/6 - (48 + -47)/(1 - 4) composite?
True
Let s(v) = 2*v - 50. Let o be s(-21). Let d = o - -91. Is 2/(d/(4101/(-6))) a prime number?
True
Let b be 10/4*(-16)/(-40). Suppose z = 3*y + 12, -9 = 3*z + 2*y - b. Let j(a) = -a**3 - a**2 + 587. Is j(z) prime?
True
Suppose 0 = -12*n - 10*n + 2087953 + 3221989. Is n prime?
True
Is (5861338/84)/((-1)/(-6)) a composite number?
False
Suppose -4*u - 7*x + 6*x = -7, -4*x = 20. Let v be (u/(-2) + 2)/(3/18). Suppose v = 2*d - 1, 4*l = -2*d + 9872. Is l a prime number?
True
Suppose -j = -3*s - 1120 - 812, 2*s + 2*j = -1288. Let v = s - -321. Is (-3 - -4 - v) + -1 a composite number?
True
Suppose l = 2*y + 2863, 4*y - 5*y = 3*l + 1442. Let r = y - -2600. Let w = 82 + r. Is w a composite number?
False
Let i = 17 - 15. Suppose 4*w - 972 = -2*q - i*q, 10 = 2*q. Let u = 536 - w. Is u a composite number?
True
Let c = -599 - -599. Suppose 8*d - 2343 - 2113 = c. Is d prime?
True
Let b = -24326 - -43603. Is b prime?
False
Let o(p) = -p - 6. Let s be o(-2). Let b be s/22 + (-222)/(-11). Suppose u + 3*w + 45 = 142, 5*w - b = 0. Is u composite?
True
Is 4763 - 6/(1 - (-7)/14) prime?
True
Suppose 54*b - 1097459 = 1158611 + 1222988. Is b prime?
False
Let p = 2331 - 1660. Is (-1 + 2)*(p + 20) prime?
True
Let l(c) = 54*c**2 - 5*c + 4 + 5 - 5*c. Let x = 3322 - 3316. Is l(x) prime?
False
Let o = -571 + 575. Suppose -i = o, 5*z = -4*i + 24857 - 3638. Is z a composite number?
True
Suppose 0*h + 4 = h. Let y = 2694 - -2272. Suppose -2*p = 5*r - y, -p + h*r + 2461 = r. Is p a prime number?
True
Let b(n) = -n**3 + 14*n**2 - 15*n + 28. Let r be b(13). Suppose 2*d = 3*x - 49645, x = -r*d + 2477 + 14066. Is x a prime number?
True
Let o(a) = -35*a**2 - 7*a - 13. Let n be o(6). Let p = 3621 + n. Is p prime?
False
Let d(h) = 93*h + 20. Let w be d(14). Let y = 2916 - w. Suppose -5*k + y = 2*s, -s + 2391 = 2*s - 4*k. Is s prime?
True
Let i = 7456 + 1837. Suppose -7*c - 402 = i. Let o = c - -2968. Is o composite?
False
Let v(a) = -2633*a**2 - 2*a - 1. Let z be v(-1). Let b(h) = -50*h + 97. Let l be b(6). Let i = l - z. Is i a composite number?
True
Suppose 14447 = 2*o - 3*j, 9*o + j + 36098 = 14*o. Let p = o + -900. Is p a composite num